 Let z = 106 - s. What is the highest common factor of z and 30?
6
Let d(f) = f**2 - 6*f - 5. Let n be d(7). Let s = 22 - 20. Calculate the highest common divisor of s and n.
2
Let o = 4 + -4. Suppose o = n + 2. Let v be (-69)/(((-4)/n)/(-2)). What is the highest common factor of 23 and v?
23
Let f(p) = -p**2 + p - 1. Let j(r) = r**3 - r**2 - 2*r + 2. Let g(l) = -6*f(l) - j(l). Let b be g(4). What is the greatest common factor of 24 and b?
12
Let w = 1151 - 821. What is the highest common factor of 66 and w?
66
Let k = 14 + 18. Let d = -1772 - -1804. What is the greatest common factor of k and d?
32
Suppose 683 = 27*m - 721. Calculate the highest common factor of 65 and m.
13
Suppose 875*o - 854*o - 231 = 0. Calculate the highest common factor of 16 and o.
1
Let d(n) = 39*n - 368. Let q be d(10). Let p = 0 + 2. Calculate the highest common divisor of p and q.
2
Suppose -4 = 3*b - 10. Suppose -2*m - 38 = -4*l, b*m + m = -3. What is the greatest common factor of l and 72?
9
Let p(a) = a**3 + 15*a**2 + a + 15. Let g be p(-15). Let f be 60/24*(g + 22). What is the highest common factor of f and 11?
11
Suppose 0 = -76*w + 218 - 66. Calculate the greatest common divisor of w and 59.
1
Let t = -516 + 533. What is the highest common factor of 51 and t?
17
Let v = 183 + -8. What is the highest common factor of v and 35?
35
Suppose 0 = -5*i + 2*i - l + 38, -2*i + 4*l + 16 = 0. Suppose -i = 14*j - 15*j. Calculate the highest common divisor of j and 204.
12
Let t be (-1)/(33/9 - 4). Suppose 20 = 4*z - 3*p + p, -t*z - 5*p - 11 = 0. Calculate the highest common factor of 3 and z.
3
Let n(b) = -7*b - 45. Let p be n(-7). Suppose -542 = 6*w - 11*w + q, -p*q + 424 = 4*w. Calculate the greatest common divisor of w and 81.
27
Let k be 39/10 + (-1)/(-10). Let j be (1 + k/(-3))*-3*55. Suppose 0 = 6*c - c - 55. What is the greatest common divisor of j and c?
11
Let u(z) = 3*z - 4. Let n be u(3). Let k(f) = -f**2 + 8*f - 10. Let g be k(n). Suppose j - 24 = -g. What is the greatest common factor of 152 and j?
19
Let d(u) = 18*u**2 - u + 1. Suppose 5*k - 23 = -m, 26 = m + m + 5*k. Let t be d(m). Calculate the greatest common factor of 40 and t.
40
Let w(j) be the first derivative of 6*j**4 - j**3/3 - j**2/2 + 5. Let v be w(-1). Let a be (-16)/v - (-133)/3. What is the greatest common factor of a and 5?
5
Suppose -72 = 3*f - 12*f. Calculate the greatest common factor of f and 18.
2
Let r(c) = -c**2 - 6*c + 1. Suppose -46 = 5*i - 16. Let y be r(i). Suppose -54*o + 56*o - 18 = 0. Calculate the highest common divisor of y and o.
1
Let j(s) = s**2 - 3*s - 7. Let t be j(5). Suppose -5*g - 2*x + 38 = -20, t*g - 50 = -5*x. Let p be (g/3)/(2/27). What is the highest common divisor of 5 and p?
5
Let t be (-18436)/(-242) + 4/(-22). What is the highest common factor of 19 and t?
19
Suppose 3*s - 9 - 15 = -3*x, 5*s + 20 = 0. Let c = 21 - 18. Suppose -5*g = o - 2*o - 662, -c*o + 522 = 4*g. What is the highest common divisor of g and x?
12
Let o(u) = -7*u - 1. Let r be o(2). Let q = r - -27. Let i be 72/((9 + 1)/5). What is the greatest common factor of i and q?
12
Let x be (-2681)/(-35) + -6*3/30. Calculate the highest common divisor of 190 and x.
38
Suppose 0 = m + 2*n - 0*n - 26, -3*m = 3*n - 63. Suppose f = m + 29. Calculate the greatest common factor of f and 5.
5
Let x(y) = 12*y**3 - 1 + 13*y**3 + 2*y + y**2 - 18*y**3. Let t be x(3). Suppose 0 = -3*n + 283 + t. What is the highest common divisor of 18 and n?
18
Suppose -4*d + w = -310, -3*d + 0*d + 226 = -4*w. What is the highest common factor of d and 30?
6
Suppose -2*s + 15 = s. Suppose 4*i = -n + 30, -3*n - s*i = -42 - 13. Calculate the highest common factor of n and 70.
10
Let t = 52 + -28. Let i be (-80 - 0/((-4)/(-1))) + -2. Let l = -66 - i. What is the highest common divisor of l and t?
8
Suppose 5*x = x + 64. Suppose -2 + x = 2*q. What is the highest common factor of 35 and q?
7
Suppose -j + 8 = -7. Let s(d) = -d**3 - 8*d**2 - 9*d + 1. Let c be s(-7). Let g be ((-6)/c)/1*-150. Calculate the greatest common divisor of j and g.
15
Let l(u) = 3*u**2 + u - 2. Let d be l(1). Suppose 0*z - 3*z = -4*j + 77, d*j + 2*z - 42 = 0. What is the greatest common divisor of j and 10?
10
Let f be 6*(20/3 - 2). What is the greatest common factor of 4 and f?
4
Suppose z + 16*i - 390 = 13*i, -i = -3*z + 1150. Suppose 0*q + 48 = q. What is the greatest common divisor of z and q?
48
Suppose -2*q + 35 = 3*q. Suppose 8*z - q*z - 18 = 0. What is the greatest common divisor of 54 and z?
18
Let a be (-33 + 30)/((-9)/1716). Calculate the greatest common divisor of a and 44.
44
Suppose 11*c = -3*c + 8806. What is the highest common factor of 51 and c?
17
Let t be (-96)/(-1) - (8 + 0 - 5). What is the greatest common divisor of 124 and t?
31
Let p be (14/(-3) + 2)*-33. Let o(f) = 2*f**2 + 14*f + 22. Let a be o(0). Calculate the highest common divisor of p and a.
22
Suppose 2*h - 36 = -4*w, w + 0*h + 2 = 5*h. Suppose 24 = 9*u - 6*u. Calculate the greatest common divisor of u and w.
8
Let u(n) = -39*n - 36. Let c be u(-3). Let r = -9 + 36. What is the greatest common divisor of r and c?
27
Let i be (-5)/1*2/5. Let c(m) = 4 - 4*m**2 - 4*m**3 - m - 2 + 2*m**3. Let p be c(i). Calculate the highest common divisor of 36 and p.
4
Let l(j) = 6*j**2 - 32*j + 142. Let i be l(4). Calculate the highest common divisor of 10 and i.
10
Suppose 0 = -3*q - 4*u - 6, -4*q + 17 = -u - 2*u. Suppose -5 = -q*i - y - 6, 3*y + 15 = 0. Let b be i/7*-9*-42. What is the highest common factor of 12 and b?
12
Suppose -72 = -22*j + 19*j. Let x be 460/6 - -4*2/j. What is the highest common factor of 11 and x?
11
Let g = 36 - -356. Calculate the greatest common divisor of g and 98.
98
Let s be (6/(-8))/(71565/5112 + -14). Calculate the greatest common factor of s and 71.
71
Suppose -3*i + 52 = -5*s + 3*s, -50 = -5*i - 4*s. What is the highest common factor of i and 42?
14
Suppose 27 = 4*y - 5*u, -3*y = u - 3 - 3. Let p be (-2)/y + (-3)/((-54)/1794). Calculate the highest common divisor of p and 11.
11
Let w = 23 - 27. Let q = w + 7. Let y be -24*q*(-4)/36. Calculate the highest common divisor of 88 and y.
8
Let l be 3 + (-62)/(0 + 2). Let k = 34 + l. Suppose 4*y - 2 = 14. Calculate the highest common factor of y and k.
2
Let l = -15 - -35. Let a = l + -12. Let s = 21 + -13. What is the greatest common factor of a and s?
8
Suppose 8 = 4*u, -5*w - 3*u - 29 = -165. Suppose 2*k = w - 8. Calculate the highest common factor of k and 1.
1
Let q be (175/10 - 2)*-8. Let u = q - -133. Calculate the greatest common divisor of 3 and u.
3
Suppose 0 = -8*d + d. Suppose -5*g + 30 = -5*n, d = -4*g - 0*n - 5*n + 69. Let x = -24 + 57. What is the highest common divisor of x and g?
11
Suppose 2*v = -2*o + 112, -4*o + v - 40 + 284 = 0. What is the highest common divisor of 70 and o?
10
Let c(d) = -d**2 + 8*d + 2. Let s be c(6). Let n = -33 + 33. Suppose -y - 6*y + 784 = n. Calculate the highest common factor of s and y.
14
Suppose 2*p - p - 6 = 0. Suppose -b + 180 = p*z - z, 5*b + z = 828. Suppose 5*a - b = -0*a. What is the highest common factor of a and 22?
11
Let y be (-18)/15 + (-2104)/(-20). What is the highest common divisor of 416 and y?
104
Let x = 1693 - 1645. What is the greatest common divisor of x and 294?
6
Let a(i) = 39*i + 10. Let r be a(10). Calculate the greatest common factor of r and 50.
50
Suppose 4 = 5*j - 21. Suppose 3 + 1 = -4*i. Let r = j + i. Calculate the highest common divisor of r and 2.
2
Suppose 31*k - 461 = 407. What is the greatest common divisor of 294 and k?
14
Let o(y) = -y**3 + 10*y**2 + 29*y + 3. Let z be o(12). Let s be ((-63)/15)/(3/(-15)). What is the greatest common divisor of z and s?
21
Let s be 629/6 + -12*(-4)/288. Suppose -5*l + 135 = -0*l. Let b = l - 12. What is the highest common divisor of s and b?
15
Let t = 6 + -2. Suppose -t = -v + 3*v. Let f be (-2)/(1 + v) - -18. Calculate the greatest common factor of 180 and f.
20
Let a(x) = 925*x - 270. Let v be a(4). What is the highest common divisor of v and 10?
10
Let z = 223 - 11. Let x = -77 + z. Calculate the highest common divisor of x and 45.
45
Let k(w) be the third derivative of 0*w - 1/24*w**4 - 4*w**2 + 0 + 0*w**3 + 89/60*w**5. Let t be k(1). What is the greatest common factor of 11 and t?
11
S